[INFO] cloning repository https://github.com/RikHeijdens/advent-of-code-2020
[INFO] running `Command { std: "git" "-c" "credential.helper=" "-c" "credential.helper=/workspace/cargo-home/bin/git-credential-null" "clone" "--bare" "https://github.com/RikHeijdens/advent-of-code-2020" "/workspace/cache/git-repos/https%3A%2F%2Fgithub.com%2FRikHeijdens%2Fadvent-of-code-2020", kill_on_drop: false }`
[INFO] [stderr] Cloning into bare repository '/workspace/cache/git-repos/https%3A%2F%2Fgithub.com%2FRikHeijdens%2Fadvent-of-code-2020'...
[INFO] running `Command { std: "git" "rev-parse" "HEAD", kill_on_drop: false }`
[INFO] [stdout] 4e8248bbe3385f64ed55c7870f12d6171b770d94
[INFO] checking RikHeijdens/advent-of-code-2020 against master#e6e4f7ed1589e03bc2f6c5931c1a72e7947e8682 for beta-170-4
[INFO] running `Command { std: "git" "clone" "/workspace/cache/git-repos/https%3A%2F%2Fgithub.com%2FRikHeijdens%2Fadvent-of-code-2020" "/workspace/builds/worker-5-tc2/source", kill_on_drop: false }`
[INFO] [stderr] Cloning into '/workspace/builds/worker-5-tc2/source'...
[INFO] [stderr] done.
[INFO] validating manifest of git repo https://github.com/RikHeijdens/advent-of-code-2020 on toolchain e6e4f7ed1589e03bc2f6c5931c1a72e7947e8682
[INFO] running `Command { std: CARGO_HOME="/workspace/cargo-home" RUSTUP_HOME="/workspace/rustup-home" "/workspace/cargo-home/bin/cargo" "+e6e4f7ed1589e03bc2f6c5931c1a72e7947e8682" "metadata" "--manifest-path" "Cargo.toml" "--no-deps", kill_on_drop: false }`
[INFO] started tweaking git repo https://github.com/RikHeijdens/advent-of-code-2020
[INFO] finished tweaking git repo https://github.com/RikHeijdens/advent-of-code-2020
[INFO] tweaked toml for git repo https://github.com/RikHeijdens/advent-of-code-2020 written to /workspace/builds/worker-5-tc2/source/Cargo.toml
[INFO] crate git repo https://github.com/RikHeijdens/advent-of-code-2020 already has a lockfile, it will not be regenerated
[INFO] running `Command { std: CARGO_HOME="/workspace/cargo-home" RUSTUP_HOME="/workspace/rustup-home" "/workspace/cargo-home/bin/cargo" "+e6e4f7ed1589e03bc2f6c5931c1a72e7947e8682" "fetch" "--manifest-path" "Cargo.toml", kill_on_drop: false }`
[INFO] running `Command { std: "docker" "create" "-v" "/var/lib/crater-agent-workspace/builds/worker-5-tc2/target:/opt/rustwide/target:rw,Z" "-v" "/var/lib/crater-agent-workspace/builds/worker-5-tc2/source:/opt/rustwide/workdir:ro,Z" "-v" "/var/lib/crater-agent-workspace/cargo-home:/opt/rustwide/cargo-home:ro,Z" "-v" "/var/lib/crater-agent-workspace/rustup-home:/opt/rustwide/rustup-home:ro,Z" "-e" "SOURCE_DIR=/opt/rustwide/workdir" "-e" "CARGO_TARGET_DIR=/opt/rustwide/target" "-e" "CARGO_HOME=/opt/rustwide/cargo-home" "-e" "RUSTUP_HOME=/opt/rustwide/rustup-home" "-w" "/opt/rustwide/workdir" "-m" "1610612736" "--user" "0:0" "--network" "none" "ghcr.io/rust-lang/crates-build-env/linux@sha256:19e73879b68f455e41552ea35293514db52ea292d993f571636dbffedb77a1ee" "/opt/rustwide/cargo-home/bin/cargo" "+e6e4f7ed1589e03bc2f6c5931c1a72e7947e8682" "metadata" "--no-deps" "--format-version=1", kill_on_drop: false }`
[INFO] [stdout] 3b1d4acf70553e830047acbc97b95c5f90bb4466835e994752a10905549165e6
[INFO] running `Command { std: "docker" "start" "-a" "3b1d4acf70553e830047acbc97b95c5f90bb4466835e994752a10905549165e6", kill_on_drop: false }`
[INFO] running `Command { std: "docker" "inspect" "3b1d4acf70553e830047acbc97b95c5f90bb4466835e994752a10905549165e6", kill_on_drop: false }`
[INFO] running `Command { std: "docker" "rm" "-f" "3b1d4acf70553e830047acbc97b95c5f90bb4466835e994752a10905549165e6", kill_on_drop: false }`
[INFO] [stdout] 3b1d4acf70553e830047acbc97b95c5f90bb4466835e994752a10905549165e6
[INFO] running `Command { std: "docker" "create" "-v" "/var/lib/crater-agent-workspace/builds/worker-5-tc2/target:/opt/rustwide/target:rw,Z" "-v" "/var/lib/crater-agent-workspace/builds/worker-5-tc2/source:/opt/rustwide/workdir:ro,Z" "-v" "/var/lib/crater-agent-workspace/cargo-home:/opt/rustwide/cargo-home:ro,Z" "-v" "/var/lib/crater-agent-workspace/rustup-home:/opt/rustwide/rustup-home:ro,Z" "-e" "SOURCE_DIR=/opt/rustwide/workdir" "-e" "CARGO_TARGET_DIR=/opt/rustwide/target" "-e" "CARGO_INCREMENTAL=0" "-e" "RUST_BACKTRACE=full" "-e" "RUSTFLAGS=--cap-lints=forbid" "-e" "RUSTDOCFLAGS=--cap-lints=forbid" "-e" "CARGO_HOME=/opt/rustwide/cargo-home" "-e" "RUSTUP_HOME=/opt/rustwide/rustup-home" "-w" "/opt/rustwide/workdir" "-m" "1610612736" "--user" "0:0" "--network" "none" "ghcr.io/rust-lang/crates-build-env/linux@sha256:19e73879b68f455e41552ea35293514db52ea292d993f571636dbffedb77a1ee" "/opt/rustwide/cargo-home/bin/cargo" "+e6e4f7ed1589e03bc2f6c5931c1a72e7947e8682" "check" "--frozen" "--all" "--all-targets" "--message-format=json", kill_on_drop: false }`
[INFO] [stdout] eef4807e3d6c0f26dde96ba28e17dbede68d92ea613d9e79f31411797128622e
[INFO] running `Command { std: "docker" "start" "-a" "eef4807e3d6c0f26dde96ba28e17dbede68d92ea613d9e79f31411797128622e", kill_on_drop: false }`
[INFO] [stderr]     Checking regex-syntax v0.6.21
[INFO] [stderr]     Checking regex v1.4.2
[INFO] [stderr]     Checking advent_of_code v0.1.0 (/opt/rustwide/workdir)
[INFO] [stdout] error[E0277]: the size for values of type `[String]` cannot be known at compilation time
[INFO] [stdout]    --> src/day_13.rs:205:22
[INFO] [stdout]     |
[INFO] [stdout] 205 |                     .collect()
[INFO] [stdout]     |                      ^^^^^^^ doesn't have a size known at compile-time
[INFO] [stdout]     |
[INFO] [stdout]     = help: the trait `Sized` is not implemented for `[String]`
[INFO] [stdout] note: required by a bound in `collect`
[INFO] [stdout]    --> /rustc/e6e4f7ed1589e03bc2f6c5931c1a72e7947e8682/library/core/src/iter/traits/iterator.rs:1891:5
[INFO] [stdout] 
[INFO] [stdout] 
[INFO] [stdout] error[E0277]: a value of type `[String]` cannot be built from an iterator over elements of type `String`
[INFO] [stdout]    --> src/day_13.rs:205:22
[INFO] [stdout]     |
[INFO] [stdout] 205 |                     .collect()
[INFO] [stdout]     |                      ^^^^^^^ value of type `[String]` cannot be built from `std::iter::Iterator<Item=String>`
[INFO] [stdout]     |
[INFO] [stdout]     = help: the trait `FromIterator<String>` is not implemented for `[String]`
[INFO] [stdout] note: the method call chain might not have had the expected associated types
[INFO] [stdout]    --> src/day_13.rs:204:22
[INFO] [stdout]     |
[INFO] [stdout] 202 |                 &(vec!["7", "13", "x", "x", "59", "x", "31", "19"])
[INFO] [stdout]     |                   ------------------------------------------------ this expression has type `Vec<&str>`
[INFO] [stdout] 203 |                     .into_iter()
[INFO] [stdout]     |                      ----------- `Iterator::Item` is `&str` here
[INFO] [stdout] 204 |                     .map(|s| String::from(s))
[INFO] [stdout]     |                      ^^^^^^^^^^^^^^^^^^^^^^^^ `Iterator::Item` changed to `String` here
[INFO] [stdout] note: required by a bound in `collect`
[INFO] [stdout]    --> /rustc/e6e4f7ed1589e03bc2f6c5931c1a72e7947e8682/library/core/src/iter/traits/iterator.rs:1891:5
[INFO] [stdout] 
[INFO] [stdout] 
[INFO] [stdout] error[E0277]: the size for values of type `[String]` cannot be known at compilation time
[INFO] [stdout]    --> src/day_13.rs:214:22
[INFO] [stdout]     |
[INFO] [stdout] 214 |                     .collect()
[INFO] [stdout]     |                      ^^^^^^^ doesn't have a size known at compile-time
[INFO] [stdout]     |
[INFO] [stdout]     = help: the trait `Sized` is not implemented for `[String]`
[INFO] [stdout] note: required by a bound in `collect`
[INFO] [stdout]    --> /rustc/e6e4f7ed1589e03bc2f6c5931c1a72e7947e8682/library/core/src/iter/traits/iterator.rs:1891:5
[INFO] [stdout] 
[INFO] [stdout] 
[INFO] [stdout] error[E0277]: a value of type `[String]` cannot be built from an iterator over elements of type `String`
[INFO] [stdout]    --> src/day_13.rs:214:22
[INFO] [stdout]     |
[INFO] [stdout] 214 |                     .collect()
[INFO] [stdout]     |                      ^^^^^^^ value of type `[String]` cannot be built from `std::iter::Iterator<Item=String>`
[INFO] [stdout]     |
[INFO] [stdout]     = help: the trait `FromIterator<String>` is not implemented for `[String]`
[INFO] [stdout] note: the method call chain might not have had the expected associated types
[INFO] [stdout]    --> src/day_13.rs:213:22
[INFO] [stdout]     |
[INFO] [stdout] 211 |                 &(vec!["17", "x", "13", "19"])
[INFO] [stdout]     |                   --------------------------- this expression has type `Vec<&str>`
[INFO] [stdout] 212 |                     .into_iter()
[INFO] [stdout]     |                      ----------- `Iterator::Item` is `&str` here
[INFO] [stdout] 213 |                     .map(|s| String::from(s))
[INFO] [stdout]     |                      ^^^^^^^^^^^^^^^^^^^^^^^^ `Iterator::Item` changed to `String` here
[INFO] [stdout] note: required by a bound in `collect`
[INFO] [stdout]    --> /rustc/e6e4f7ed1589e03bc2f6c5931c1a72e7947e8682/library/core/src/iter/traits/iterator.rs:1891:5
[INFO] [stdout] 
[INFO] [stdout] 
[INFO] [stdout] error[E0277]: the size for values of type `[String]` cannot be known at compilation time
[INFO] [stdout]    --> src/day_13.rs:223:22
[INFO] [stdout]     |
[INFO] [stdout] 223 |                     .collect()
[INFO] [stdout]     |                      ^^^^^^^ doesn't have a size known at compile-time
[INFO] [stdout]     |
[INFO] [stdout]     = help: the trait `Sized` is not implemented for `[String]`
[INFO] [stdout] note: required by a bound in `collect`
[INFO] [stdout]    --> /rustc/e6e4f7ed1589e03bc2f6c5931c1a72e7947e8682/library/core/src/iter/traits/iterator.rs:1891:5
[INFO] [stdout] 
[INFO] [stdout] 
[INFO] [stdout] error[E0277]: a value of type `[String]` cannot be built from an iterator over elements of type `String`
[INFO] [stdout]    --> src/day_13.rs:223:22
[INFO] [stdout]     |
[INFO] [stdout] 223 |                     .collect()
[INFO] [stdout]     |                      ^^^^^^^ value of type `[String]` cannot be built from `std::iter::Iterator<Item=String>`
[INFO] [stdout]     |
[INFO] [stdout]     = help: the trait `FromIterator<String>` is not implemented for `[String]`
[INFO] [stdout] note: the method call chain might not have had the expected associated types
[INFO] [stdout]    --> src/day_13.rs:222:22
[INFO] [stdout]     |
[INFO] [stdout] 220 |                 &(vec!["67", "7", "59", "61"])
[INFO] [stdout]     |                   --------------------------- this expression has type `Vec<&str>`
[INFO] [stdout] 221 |                     .into_iter()
[INFO] [stdout]     |                      ----------- `Iterator::Item` is `&str` here
[INFO] [stdout] 222 |                     .map(|s| String::from(s))
[INFO] [stdout]     |                      ^^^^^^^^^^^^^^^^^^^^^^^^ `Iterator::Item` changed to `String` here
[INFO] [stdout] note: required by a bound in `collect`
[INFO] [stdout]    --> /rustc/e6e4f7ed1589e03bc2f6c5931c1a72e7947e8682/library/core/src/iter/traits/iterator.rs:1891:5
[INFO] [stdout] 
[INFO] [stdout] 
[INFO] [stdout] error[E0277]: the size for values of type `[String]` cannot be known at compilation time
[INFO] [stdout]    --> src/day_13.rs:232:22
[INFO] [stdout]     |
[INFO] [stdout] 232 |                     .collect()
[INFO] [stdout]     |                      ^^^^^^^ doesn't have a size known at compile-time
[INFO] [stdout]     |
[INFO] [stdout]     = help: the trait `Sized` is not implemented for `[String]`
[INFO] [stdout] note: required by a bound in `collect`
[INFO] [stdout]    --> /rustc/e6e4f7ed1589e03bc2f6c5931c1a72e7947e8682/library/core/src/iter/traits/iterator.rs:1891:5
[INFO] [stdout] 
[INFO] [stdout] 
[INFO] [stdout] error[E0277]: a value of type `[String]` cannot be built from an iterator over elements of type `String`
[INFO] [stdout]    --> src/day_13.rs:232:22
[INFO] [stdout]     |
[INFO] [stdout] 232 |                     .collect()
[INFO] [stdout]     |                      ^^^^^^^ value of type `[String]` cannot be built from `std::iter::Iterator<Item=String>`
[INFO] [stdout]     |
[INFO] [stdout]     = help: the trait `FromIterator<String>` is not implemented for `[String]`
[INFO] [stdout] note: the method call chain might not have had the expected associated types
[INFO] [stdout]    --> src/day_13.rs:231:22
[INFO] [stdout]     |
[INFO] [stdout] 229 |                 &(vec!["67", "x", "7", "59", "61"])
[INFO] [stdout]     |                   -------------------------------- this expression has type `Vec<&str>`
[INFO] [stdout] 230 |                     .into_iter()
[INFO] [stdout]     |                      ----------- `Iterator::Item` is `&str` here
[INFO] [stdout] 231 |                     .map(|s| String::from(s))
[INFO] [stdout]     |                      ^^^^^^^^^^^^^^^^^^^^^^^^ `Iterator::Item` changed to `String` here
[INFO] [stdout] note: required by a bound in `collect`
[INFO] [stdout]    --> /rustc/e6e4f7ed1589e03bc2f6c5931c1a72e7947e8682/library/core/src/iter/traits/iterator.rs:1891:5
[INFO] [stdout] 
[INFO] [stdout] 
[INFO] [stdout] error[E0277]: the size for values of type `[String]` cannot be known at compilation time
[INFO] [stdout]    --> src/day_13.rs:241:22
[INFO] [stdout]     |
[INFO] [stdout] 241 |                     .collect()
[INFO] [stdout]     |                      ^^^^^^^ doesn't have a size known at compile-time
[INFO] [stdout]     |
[INFO] [stdout]     = help: the trait `Sized` is not implemented for `[String]`
[INFO] [stdout] note: required by a bound in `collect`
[INFO] [stdout]    --> /rustc/e6e4f7ed1589e03bc2f6c5931c1a72e7947e8682/library/core/src/iter/traits/iterator.rs:1891:5
[INFO] [stdout] 
[INFO] [stdout] 
[INFO] [stdout] error[E0277]: a value of type `[String]` cannot be built from an iterator over elements of type `String`
[INFO] [stdout]    --> src/day_13.rs:241:22
[INFO] [stdout]     |
[INFO] [stdout] 241 |                     .collect()
[INFO] [stdout]     |                      ^^^^^^^ value of type `[String]` cannot be built from `std::iter::Iterator<Item=String>`
[INFO] [stdout]     |
[INFO] [stdout]     = help: the trait `FromIterator<String>` is not implemented for `[String]`
[INFO] [stdout] note: the method call chain might not have had the expected associated types
[INFO] [stdout]    --> src/day_13.rs:240:22
[INFO] [stdout]     |
[INFO] [stdout] 238 |                 &(vec!["67", "7", "x", "59", "61"])
[INFO] [stdout]     |                   -------------------------------- this expression has type `Vec<&str>`
[INFO] [stdout] 239 |                     .into_iter()
[INFO] [stdout]     |                      ----------- `Iterator::Item` is `&str` here
[INFO] [stdout] 240 |                     .map(|s| String::from(s))
[INFO] [stdout]     |                      ^^^^^^^^^^^^^^^^^^^^^^^^ `Iterator::Item` changed to `String` here
[INFO] [stdout] note: required by a bound in `collect`
[INFO] [stdout]    --> /rustc/e6e4f7ed1589e03bc2f6c5931c1a72e7947e8682/library/core/src/iter/traits/iterator.rs:1891:5
[INFO] [stdout] 
[INFO] [stdout] 
[INFO] [stdout] error[E0277]: the size for values of type `[String]` cannot be known at compilation time
[INFO] [stdout]    --> src/day_13.rs:250:22
[INFO] [stdout]     |
[INFO] [stdout] 250 |                     .collect()
[INFO] [stdout]     |                      ^^^^^^^ doesn't have a size known at compile-time
[INFO] [stdout]     |
[INFO] [stdout]     = help: the trait `Sized` is not implemented for `[String]`
[INFO] [stdout] note: required by a bound in `collect`
[INFO] [stdout]    --> /rustc/e6e4f7ed1589e03bc2f6c5931c1a72e7947e8682/library/core/src/iter/traits/iterator.rs:1891:5
[INFO] [stdout] 
[INFO] [stdout] 
[INFO] [stdout] error[E0277]: a value of type `[String]` cannot be built from an iterator over elements of type `String`
[INFO] [stdout]    --> src/day_13.rs:250:22
[INFO] [stdout]     |
[INFO] [stdout] 250 |                     .collect()
[INFO] [stdout]     |                      ^^^^^^^ value of type `[String]` cannot be built from `std::iter::Iterator<Item=String>`
[INFO] [stdout]     |
[INFO] [stdout]     = help: the trait `FromIterator<String>` is not implemented for `[String]`
[INFO] [stdout] note: the method call chain might not have had the expected associated types
[INFO] [stdout]    --> src/day_13.rs:249:22
[INFO] [stdout]     |
[INFO] [stdout] 247 |                 &(vec!["1789", "37", "47", "1889"])
[INFO] [stdout]     |                   -------------------------------- this expression has type `Vec<&str>`
[INFO] [stdout] 248 |                     .into_iter()
[INFO] [stdout]     |                      ----------- `Iterator::Item` is `&str` here
[INFO] [stdout] 249 |                     .map(|s| String::from(s))
[INFO] [stdout]     |                      ^^^^^^^^^^^^^^^^^^^^^^^^ `Iterator::Item` changed to `String` here
[INFO] [stdout] note: required by a bound in `collect`
[INFO] [stdout]    --> /rustc/e6e4f7ed1589e03bc2f6c5931c1a72e7947e8682/library/core/src/iter/traits/iterator.rs:1891:5
[INFO] [stdout] 
[INFO] [stdout] 
[INFO] [stdout] error: aborting due to 12 previous errors
[INFO] [stdout] 
[INFO] [stdout] 
[INFO] [stdout] For more information about this error, try `rustc --explain E0277`.
[INFO] [stdout] 
[INFO] [stderr] error: could not compile `advent_of_code` (lib test) due to 13 previous errors
[INFO] [stderr] warning: build failed, waiting for other jobs to finish...
[INFO] running `Command { std: "docker" "inspect" "eef4807e3d6c0f26dde96ba28e17dbede68d92ea613d9e79f31411797128622e", kill_on_drop: false }`
[INFO] running `Command { std: "docker" "rm" "-f" "eef4807e3d6c0f26dde96ba28e17dbede68d92ea613d9e79f31411797128622e", kill_on_drop: false }`
[INFO] [stdout] eef4807e3d6c0f26dde96ba28e17dbede68d92ea613d9e79f31411797128622e
